{"id":23836,"date":"2026-04-30T14:35:15","date_gmt":"2026-04-30T13:35:15","guid":{"rendered":"https:\/\/solucoesled.com\/shop\/?post_type=product&#038;p=23836"},"modified":"2026-04-30T15:38:13","modified_gmt":"2026-04-30T14:38:13","slug":"painel-redondo-encastrar-saliente-ajustavel-12-9-6w-ip20-4cct-120lm-w-12011mm-50-100mm","status":"publish","type":"product","link":"https:\/\/solucoesled.com\/shop\/product\/painel-redondo-encastrar-saliente-ajustavel-12-9-6w-ip20-4cct-120lm-w-12011mm-50-100mm\/","title":{"rendered":"Painel Redondo Encastrar\/Saliente\/Ajustav\u00e9l 12\/9\/6w IP20 4CCT 120Lm\/w 120*11mm (50-100mm)"},"content":{"rendered":"<p>Discreta para quem procura uma ilumina\u00e7\u00e3o embutida limpa, ajust\u00e1vel e com acabamento moderno. Com <strong data-start=\"167\" data-end=\"209\">pot\u00eancia selecion\u00e1vel de 6W, 9W ou 12W<\/strong>, <strong data-start=\"211\" data-end=\"219\">4CCT<\/strong>, <strong data-start=\"221\" data-end=\"230\">CRI92<\/strong>, tecnologia <strong data-start=\"243\" data-end=\"263\">SMD2835 120 lm\/W<\/strong> e corte ajust\u00e1vel entre <strong data-start=\"288\" data-end=\"303\">50 e 100 mm<\/strong>, adapta-se facilmente a diferentes divis\u00f5es e necessidades<\/p>\n","protected":false},"excerpt":{"rendered":"<h3 style=\"color: #3ea8f4;\"><\/h3>\n<p>&nbsp;<\/p>\n","protected":false},"featured_media":23847,"template":"","meta":[],"product_cat":[1689,222],"product_tag":[],"acf":[],"_links":{"self":[{"href":"https:\/\/solucoesled.com\/shop\/wp-json\/wp\/v2\/product\/23836"}],"collection":[{"href":"https:\/\/solucoesled.com\/shop\/wp-json\/wp\/v2\/product"}],"about":[{"href":"https:\/\/solucoesled.com\/shop\/wp-json\/wp\/v2\/types\/product"}],"wp:featuredmedia":[{"embeddable":true,"href":"https:\/\/solucoesled.com\/shop\/wp-json\/wp\/v2\/media\/23847"}],"wp:attachment":[{"href":"https:\/\/solucoesled.com\/shop\/wp-json\/wp\/v2\/media?parent=23836"}],"wp:term":[{"taxonomy":"product_cat","embeddable":true,"href":"https:\/\/solucoesled.com\/shop\/wp-json\/wp\/v2\/product_cat?post=23836"},{"taxonomy":"product_tag","embeddable":true,"href":"https:\/\/solucoesled.com\/shop\/wp-json\/wp\/v2\/product_tag?post=23836"}],"curies":[{"name":"wp","href":"https:\/\/api.w.org\/{rel}","templated":true}]}}