{"id":20797,"date":"2026-02-10T10:59:09","date_gmt":"2026-02-10T10:59:09","guid":{"rendered":"https:\/\/solucoesled.com\/shop\/?post_type=product&#038;p=20797"},"modified":"2026-02-25T16:59:42","modified_gmt":"2026-02-25T16:59:42","slug":"foco-1w-redondo-branco-orientavel-4000k-65lm-aroo52x15-furoo40-metal","status":"publish","type":"product","link":"https:\/\/solucoesled.com\/shop\/product\/foco-1w-redondo-branco-orientavel-4000k-65lm-aroo52x15-furoo40-metal\/","title":{"rendered":"Foco 1w Redondo Branco Orient\u00e1vel 4000k 65lm Aro\u00d852&#215;15 Furo\u00d840 Metal"},"content":{"rendered":"","protected":false},"excerpt":{"rendered":"<h3 style=\"color: #3ea8f4\">REF. A12680101B<\/h3>\n<p><\/br><\/p>\n","protected":false},"featured_media":20804,"template":"","meta":[],"product_cat":[1348,38],"product_tag":[1758],"acf":[],"_links":{"self":[{"href":"https:\/\/solucoesled.com\/shop\/wp-json\/wp\/v2\/product\/20797"}],"collection":[{"href":"https:\/\/solucoesled.com\/shop\/wp-json\/wp\/v2\/product"}],"about":[{"href":"https:\/\/solucoesled.com\/shop\/wp-json\/wp\/v2\/types\/product"}],"wp:featuredmedia":[{"embeddable":true,"href":"https:\/\/solucoesled.com\/shop\/wp-json\/wp\/v2\/media\/20804"}],"wp:attachment":[{"href":"https:\/\/solucoesled.com\/shop\/wp-json\/wp\/v2\/media?parent=20797"}],"wp:term":[{"taxonomy":"product_cat","embeddable":true,"href":"https:\/\/solucoesled.com\/shop\/wp-json\/wp\/v2\/product_cat?post=20797"},{"taxonomy":"product_tag","embeddable":true,"href":"https:\/\/solucoesled.com\/shop\/wp-json\/wp\/v2\/product_tag?post=20797"}],"curies":[{"name":"wp","href":"https:\/\/api.w.org\/{rel}","templated":true}]}}