{"id":19823,"date":"2025-12-12T17:32:58","date_gmt":"2025-12-12T17:32:58","guid":{"rendered":"https:\/\/solucoesled.com\/shop\/?post_type=product&#038;p=19823"},"modified":"2026-02-25T17:03:54","modified_gmt":"2026-02-25T17:03:54","slug":"candeeiro-de-teto-suspensao-branca-e27","status":"publish","type":"product","link":"https:\/\/solucoesled.com\/shop\/product\/candeeiro-de-teto-suspensao-branca-e27\/","title":{"rendered":"Candeeiro de Teto Suspens\u00e3o Branca E27"},"content":{"rendered":"","protected":false},"excerpt":{"rendered":"<h2 style=\"color: #3ea8f4\">REF. 92103<\/h2>\n<p>Elevada resist\u00eancia e flexibilidade, garantindo durabilidade e estabilidade estrutural. Est\u00e1 preparada para l\u00e2mpadas LED com casquilho E27 <strong>(l\u00e2mpada n\u00e3o inclu\u00edda)<\/strong>, permitindo a escolha da tonalidade e intensidade de luz conforme a necessidade do espa\u00e7o.<\/p>\n<p>O sistema de suspens\u00e3o foi concebido para uma instala\u00e7\u00e3o<strong> simples e r\u00e1pida<\/strong>, incluindo os componentes necess\u00e1rios para montagem. Compat\u00edvel com tecnologia LED, promove efici\u00eancia energ\u00e9tica e uma utiliza\u00e7\u00e3o mais sustent\u00e1vel.<\/p>\n<p>&nbsp;<\/p>\n","protected":false},"featured_media":19829,"template":"","meta":[],"product_cat":[2340],"product_tag":[],"acf":[],"_links":{"self":[{"href":"https:\/\/solucoesled.com\/shop\/wp-json\/wp\/v2\/product\/19823"}],"collection":[{"href":"https:\/\/solucoesled.com\/shop\/wp-json\/wp\/v2\/product"}],"about":[{"href":"https:\/\/solucoesled.com\/shop\/wp-json\/wp\/v2\/types\/product"}],"wp:featuredmedia":[{"embeddable":true,"href":"https:\/\/solucoesled.com\/shop\/wp-json\/wp\/v2\/media\/19829"}],"wp:attachment":[{"href":"https:\/\/solucoesled.com\/shop\/wp-json\/wp\/v2\/media?parent=19823"}],"wp:term":[{"taxonomy":"product_cat","embeddable":true,"href":"https:\/\/solucoesled.com\/shop\/wp-json\/wp\/v2\/product_cat?post=19823"},{"taxonomy":"product_tag","embeddable":true,"href":"https:\/\/solucoesled.com\/shop\/wp-json\/wp\/v2\/product_tag?post=19823"}],"curies":[{"name":"wp","href":"https:\/\/api.w.org\/{rel}","templated":true}]}}