{"id":19114,"date":"2025-03-07T14:50:23","date_gmt":"2025-03-07T14:50:23","guid":{"rendered":"https:\/\/solucoesled.com\/shop\/?post_type=product&#038;p=19114"},"modified":"2026-03-20T17:14:20","modified_gmt":"2026-03-20T17:14:20","slug":"downlight-saliente-encastrar-saliente-aro-preto-18w-potencia-selecionavel-5-cct-cor-selecionavel","status":"publish","type":"product","link":"https:\/\/solucoesled.com\/shop\/product\/downlight-saliente-encastrar-saliente-aro-preto-18w-potencia-selecionavel-5-cct-cor-selecionavel\/","title":{"rendered":"Downlight Saliente\/Encastrar-Saliente <U>ARO PRETO<\/U> 18w Pot\u00eancia Selecion\u00e1vel &#8211; 5 CCT Cor Selecion\u00e1vel"},"content":{"rendered":"","protected":false},"excerpt":{"rendered":"<p><strong>Ref.:<\/strong>91722<br \/>\n<strong>POSSIVEL MONTAGEM SALENTE OU UTILIZANDO FURO EXISTENTE<\/strong><br \/>\n<strong><u>Pot\u00eancia Seleccion\u00e1vel<\/u><\/strong>8\/6\/4\/2w<br \/>\n<strong><u>Temperatura de Cor Seleccion\u00e1vel<\/u><\/strong>2700k\/3000k\/4000k\/5000k\/6000k<br \/>\n<strong>Aro <\/strong>\u00d8228&#215;20<br \/>\n<strong>Furo <\/strong>\u00d8185<\/p>\n<p><iframe loading=\"lazy\" width=\"560\" height=\"315\"\n  src=\"https:\/\/www.youtube.com\/embed\/MEDHuVdYVek\"\n  title=\"YouTube video player\"\n  frameborder=\"0\"\n  allow=\"accelerometer; autoplay; clipboard-write; encrypted-media; gyroscope; picture-in-picture; web-share\"\n  allowfullscreen><br \/>\n<\/iframe><\/p>\n","protected":false},"featured_media":19118,"template":"","meta":[],"product_cat":[1687,222,1680],"product_tag":[171,172,2471],"acf":[],"_links":{"self":[{"href":"https:\/\/solucoesled.com\/shop\/wp-json\/wp\/v2\/product\/19114"}],"collection":[{"href":"https:\/\/solucoesled.com\/shop\/wp-json\/wp\/v2\/product"}],"about":[{"href":"https:\/\/solucoesled.com\/shop\/wp-json\/wp\/v2\/types\/product"}],"wp:featuredmedia":[{"embeddable":true,"href":"https:\/\/solucoesled.com\/shop\/wp-json\/wp\/v2\/media\/19118"}],"wp:attachment":[{"href":"https:\/\/solucoesled.com\/shop\/wp-json\/wp\/v2\/media?parent=19114"}],"wp:term":[{"taxonomy":"product_cat","embeddable":true,"href":"https:\/\/solucoesled.com\/shop\/wp-json\/wp\/v2\/product_cat?post=19114"},{"taxonomy":"product_tag","embeddable":true,"href":"https:\/\/solucoesled.com\/shop\/wp-json\/wp\/v2\/product_tag?post=19114"}],"curies":[{"name":"wp","href":"https:\/\/api.w.org\/{rel}","templated":true}]}}