{"id":17388,"date":"2024-03-14T14:26:32","date_gmt":"2024-03-14T14:26:32","guid":{"rendered":"https:\/\/solucoesled.com\/shop\/?post_type=product&#038;p=17388"},"modified":"2026-03-09T10:08:09","modified_gmt":"2026-03-09T10:08:09","slug":"aplique-led-preto-solar-c-sensor-orientavel-4000k-painel-solar","status":"publish","type":"product","link":"https:\/\/solucoesled.com\/shop\/product\/aplique-led-preto-solar-c-sensor-orientavel-4000k-painel-solar\/","title":{"rendered":"Aplique Led Preto Solar c\/ Sensor Orientavel 4000k + Painel Solar"},"content":{"rendered":"","protected":false},"excerpt":{"rendered":"<h3>REF. 91218<\/h3>\n<p>Lumin\u00e1ria destac\u00e1vel. Pode ser montada separadamente do Painel Solar<br \/>\nCabo alimenta\u00e7\u00e3o: 2metros de comprimento<br \/>\nAlcance Sensor: 6-8m<br \/>\nTempo de dura\u00e7\u00e3o carga m\u00e1xima: At\u00e9 3 Noites<\/p>\n<p><img decoding=\"async\" loading=\"lazy\" class=\"alignnone wp-image-17408\" src=\"https:\/\/solucoesled.com\/shop\/wp-content\/uploads\/2024\/03\/91218_07.jpg\" alt=\"\" width=\"1018\" height=\"148\" data-wp-pid=\"17408\" srcset=\"https:\/\/solucoesled.com\/shop\/wp-content\/uploads\/2024\/03\/91218_07.jpg 1253w, https:\/\/solucoesled.com\/shop\/wp-content\/uploads\/2024\/03\/91218_07-300x44.jpg 300w, https:\/\/solucoesled.com\/shop\/wp-content\/uploads\/2024\/03\/91218_07-1024x149.jpg 1024w, https:\/\/solucoesled.com\/shop\/wp-content\/uploads\/2024\/03\/91218_07-768x112.jpg 768w, https:\/\/solucoesled.com\/shop\/wp-content\/uploads\/2024\/03\/91218_07-600x87.jpg 600w\" sizes=\"(max-width: 1018px) 100vw, 1018px\" \/><\/p>\n","protected":false},"featured_media":17407,"template":"","meta":[],"product_cat":[107,101],"product_tag":[2378,2400],"acf":[],"_links":{"self":[{"href":"https:\/\/solucoesled.com\/shop\/wp-json\/wp\/v2\/product\/17388"}],"collection":[{"href":"https:\/\/solucoesled.com\/shop\/wp-json\/wp\/v2\/product"}],"about":[{"href":"https:\/\/solucoesled.com\/shop\/wp-json\/wp\/v2\/types\/product"}],"wp:featuredmedia":[{"embeddable":true,"href":"https:\/\/solucoesled.com\/shop\/wp-json\/wp\/v2\/media\/17407"}],"wp:attachment":[{"href":"https:\/\/solucoesled.com\/shop\/wp-json\/wp\/v2\/media?parent=17388"}],"wp:term":[{"taxonomy":"product_cat","embeddable":true,"href":"https:\/\/solucoesled.com\/shop\/wp-json\/wp\/v2\/product_cat?post=17388"},{"taxonomy":"product_tag","embeddable":true,"href":"https:\/\/solucoesled.com\/shop\/wp-json\/wp\/v2\/product_tag?post=17388"}],"curies":[{"name":"wp","href":"https:\/\/api.w.org\/{rel}","templated":true}]}}