{"id":10980,"date":"2022-05-16T10:45:55","date_gmt":"2022-05-16T09:45:55","guid":{"rendered":"https:\/\/solucoesled.com\/shop\/?post_type=product&#038;p=10980"},"modified":"2026-04-16T17:15:13","modified_gmt":"2026-04-16T16:15:13","slug":"sensor-de-movimento-micro-ondas-300w-de-curto-a-longo-alcance-2m-a-16m-180o-360o-ip20","status":"publish","type":"product","link":"https:\/\/solucoesled.com\/shop\/product\/sensor-de-movimento-micro-ondas-300w-de-curto-a-longo-alcance-2m-a-16m-180o-360o-ip20\/","title":{"rendered":"Sensor de Movimento Micro-Ondas 300w de Curto a Longo Alcance 2m a 16m 180\u00ba-360\u00ba IP20"},"content":{"rendered":"<p>Sensor de movimento por microondas de alta frequ\u00eancia CW (radar), 5, 8GHz, banda ISM, IP20, \u00e2ngulo de detec\u00e7\u00e3o 180\u00b0\/360\u00b0, velocidade de detec\u00e7\u00e3o 0.6-1.5m\/s, tempo de atraso 10seg.\u00b13seg. a 12min.\u00b11min.(regul\u00e1vel), altura de instala\u00e7\u00e3o na parede: 1.5-3.5m e tecto:2-8m, n\u00edvel de luz ambiente de actua\u00e7\u00e3o regul\u00e1vel entre &lt;3-2000lux. Adequado para cargas m\u00e1ximas com l\u00e2mpadas incandescentes de 1200W (220-240VAC) e l\u00e2mpadas economizadoras de 300W (220-240VAC). O sensor de micro-ondas, com um funcionamento semelhante a um radar ou sonar, pode detectar movimento atrav\u00e9s de madeira, pl\u00e1stico, vidro e a maioria dos outros materiais de constru\u00e7\u00e3o, exceto metal.<\/p>\n","protected":false},"excerpt":{"rendered":"<h2 style=\"color:#3ea8f4\">REF. S00370101<\/h2>\n<p><b>Alcance:<\/b> 2 a 16m<\/p>\n","protected":false},"featured_media":10988,"template":"","meta":[],"product_cat":[1821,1819],"product_tag":[1848],"acf":[],"_links":{"self":[{"href":"https:\/\/solucoesled.com\/shop\/wp-json\/wp\/v2\/product\/10980"}],"collection":[{"href":"https:\/\/solucoesled.com\/shop\/wp-json\/wp\/v2\/product"}],"about":[{"href":"https:\/\/solucoesled.com\/shop\/wp-json\/wp\/v2\/types\/product"}],"wp:featuredmedia":[{"embeddable":true,"href":"https:\/\/solucoesled.com\/shop\/wp-json\/wp\/v2\/media\/10988"}],"wp:attachment":[{"href":"https:\/\/solucoesled.com\/shop\/wp-json\/wp\/v2\/media?parent=10980"}],"wp:term":[{"taxonomy":"product_cat","embeddable":true,"href":"https:\/\/solucoesled.com\/shop\/wp-json\/wp\/v2\/product_cat?post=10980"},{"taxonomy":"product_tag","embeddable":true,"href":"https:\/\/solucoesled.com\/shop\/wp-json\/wp\/v2\/product_tag?post=10980"}],"curies":[{"name":"wp","href":"https:\/\/api.w.org\/{rel}","templated":true}]}}